r when 2612083 is divided by 71?
64
Calculate the remainder when 5087 is divided by 892.
627
Calculate the remainder when 3476294 is divided by 67.
66
What is the remainder when 108919 is divided by 54455?
9
Calculate the remainder when 2683 is divided by 2552.
131
Calculate the remainder when 127847 is divided by 5.
2
What is the remainder when 13172 is divided by 8?
4
Calculate the remainder when 11843 is divided by 5910.
23
What is the remainder when 225221 is divided by 188?
185
Calculate the remainder when 2883 is divided by 105.
48
What is the remainder when 50499 is divided by 99?
9
What is the remainder when 564 is divided by 353?
211
Calculate the remainder when 1930 is divided by 384.
10
What is the remainder when 23955 is divided by 75?
30
Calculate the remainder when 17738 is divided by 99.
17
Calculate the remainder when 18424 is divided by 152.
32
Calculate the remainder when 4316 is divided by 120.
116
Calculate the remainder when 33018 is divided by 279.
96
Calculate the remainder when 7847 is divided by 164.
139
Calculate the remainder when 9457 is divided by 220.
217
What is the remainder when 316058 is divided by 20?
18
Calculate the remainder when 553087 is divided by 355.
352
Calculate the remainder when 1392 is divided by 176.
160
What is the remainder when 4775 is divided by 370?
335
What is the remainder when 15519 is divided by 446?
355
Calculate the remainder when 164585 is divided by 92.
89
What is the remainder when 7232 is divided by 1192?
80
What is the remainder when 5784 is divided by 59?
2
What is the remainder when 626 is divided by 520?
106
What is the remainder when 100816 is divided by 33590?
46
What is the remainder when 6555 is divided by 67?
56
What is the remainder when 292354 is divided by 97447?
13
Calculate the remainder when 143568 is divided by 1480.
8
What is the remainder when 12565 is divided by 483?
7
What is the remainder when 4639 is divided by 3730?
909
Calculate the remainder when 72357 is divided by 54.
51
What is the remainder when 8351 is divided by 310?
291
What is the remainder when 57612 is divided by 171?
156
Calculate the remainder when 38210 is divided by 9495.
230
What is the remainder when 580228 is divided by 270?
268
Calculate the remainder when 1507 is divided by 714.
79
What is the remainder when 3964 is divided by 382?
144
What is the remainder when 150393 is divided by 12?
9
What is the remainder when 8047 is divided by 318?
97
What is the remainder when 12248121 is divided by 14?
11
What is the remainder when 653 is divided by 65?
3
What is the remainder when 8660 is divided by 9?
2
Calculate the remainder when 13767 is divided by 550.
17
Calculate the remainder when 12445 is divided by 1129.
26
What is the remainder when 1291 is divided by 127?
21
What is the remainder when 61585 is divided by 177?
166
Calculate the remainder when 39271 is divided by 5606.
29
What is the remainder when 8364 is divided by 113?
2
Calculate the remainder when 909 is divided by 42.
27
What is the remainder when 1253 is divided by 84?
77
What is the remainder when 261759 is divided by 10469?
34
Calculate the remainder when 1969 is divided by 1329.
640
Calculate the remainder when 15133 is divided by 134.
125
Calculate the remainder when 37980 is divided by 33.
30
What is the remainder when 5905 is divided by 861?
739
What is the remainder when 108924 is divided by 9?
6
Calculate the remainder when 1497 is divided by 35.
27
What is the remainder when 6086 is divided by 628?
434
What is the remainder when 2152 is divided by 2143?
9
What is the remainder when 63059 is divided by 612?
23
Calculate the remainder when 4215429 is divided by 1832.
1829
Calculate the remainder when 322 is divided by 60.
22
Calculate the remainder when 64206 is divided by 1736.
1710
What is the remainder when 6280 is divided by 2970?
340
What is the remainder when 976 is divided by 33?
19
What is the remainder when 72698 is divided by 14?
10
Calculate the remainder when 153656 is divided by 120.
56
What is the remainder when 235001 is divided by 154?
151
What is the remainder when 159119 is divided by 117?
116
What is the remainder when 34435 is divided by 71?
0
What is the remainder when 87436 is divided by 142?
106
What is the remainder when 14073 is divided by 204?
201
What is the remainder when 9860 is divided by 1588?
332
What is the remainder when 265822 is divided by 53161?
17
What is the remainder when 15492 is divided by 102?
90
What is the remainder when 10384 is divided by 346?
4
Calculate the remainder when 16216 is divided by 50.
16
What is the remainder when 6352 is divided by 1052?
40
What is the remainder when 180303 is divided by 90151?
1
Calculate the remainder when 30130 is divided by 20.
10
Calculate the remainder when 147015 is divided by 321.
318
Calculate the remainder when 761367 is divided by 173.
167
What is the remainder when 5219 is divided by 25?
19
Calculate the remainder when 11683 is divided by 688.
675
What is the remainder when 40846 is divided by 8161?
41
What is the remainder when 45855 is divided by 15285?
0
What is the remainder when 18282 is divided by 63?
12
Calculate the remainder when 1539 is divided by 1514.
25
Calculate the remainder when 499979 is divided by 156.
155
Calculate the remainder when 878995 is divided by 19.
17
Calculate the remainder when 45226 is divided by 6456.
34
What is the remainder when 183421 is divided by 5?
1
What is the remainder when 25763 is divided by 1718?
1711
Calculate the remainder when 1826 is divided by 365.
1
Calculate the remainder when 1190 is divided by 135.
110
What is the remainder when 328839 is divided by 5872?
7
Calculate the remainder when 83519 is divided by 41758.
3
What is the remainder when 1251030 is divided by 23?
14
Calculate the remainder when 9232 is divided by 180.
52
Calculate the remainder when 5347 is divided by 1768.
43
What is the remainder when 565899 is divided by 1252?
1247
Calculate the remainder when 84328 is divided by 12024.
160
What is the remainder when 32231 is divided by 458?
171
Calculate the remainder when 454 is divided by 154.
146
What is the remainder when 1154 is divided by 1152?
2
What is the remainder when 19056 is divided by 9482?
92
What is the remainder when 19887 is divided by 333?
240
What is the remainder when 20468 is divided by 113?
15
Calculate the remainder when 70460 is divided by 240.
140
Calculate the remainder when 782779 is divided by 119.
116
Calculate the remainder when 9857806 is divided by 513.
511
Calculate the remainder when 3021344 is divided by 143873.
11
Calculate the remainder when 321 is divided by 34.
15
Calculate the remainder when 160702 is divided by 24.
22
What is the remainder when 29070 is divided by 578?
170
Calculate the remainder when 2823 is divided by 22.
7
What is the remainder when 14613 is divided by 499?
142
What is the remainder when 52575 is divided by 85?
45
Calculate the remainder when 7611 is divided by 399.
30
Calculate the remainder when 97913 is divided by 182.
179
Calculate the remainder when 190065 is divided by 71.
69
What is the remainder when 212953 is divided by 30411?
76
Calculate the remainder when 95889 is divided by 2738.
59
Calculate the remainder when 7078 is divided by 770.
148
What is the remainder when 40918 is divided by 10221?
34
What is the remainder when 7753 is divided by 429?
31
Calculate the remainder when 505448 is divided by 28.
20
Calculate the remainder when 1375 is divided by 1355.
20
What is the remainder when 334 is divided by 9?
1
What is the remainder when 14070 is divided by 300?
270
Calculate the remainder when 51271 is divided by 64.
7
Calculate the remainder when 1038600 is divided by 1112.
1104
Calculate the remainder when 198266 is divided by 292.
290
Calculate the remainder when 222 is divided by 218.
4
Calculate the remainder when 7152 is divided by 465.
177
Calculate the remainder when 27555 is divided by 501.
0
What is the remainder when 22007 is divided by 195?
167
Calculate the remainder when 6939 is divided by 388.
343
What is the remainder when 909 is divided by 352?
205
Calculate the remainder when 208246 is divided by 749.
24
Calculate the remainder when 3621 is divided by 1011.
588
Calculate the rem